ts digit of v?
1
Suppose 2*u + 0*u - 638 = -5*l, 2*u - 254 = -2*l. What is the tens digit of l?
2
Let c(y) = -2*y + 9. What is the units digit of c(-5)?
9
Let z(q) = 3*q**2 + 33*q + 1. What is the tens digit of z(-16)?
4
Suppose -6*l = -221 - 415. What is the units digit of l?
6
Let i(b) = -b**2 + 11*b - 10. Let z be i(10). Let k = 7 - z. What is the units digit of k?
7
Let r(g) = 2*g**2 - 2*g + 4. Let y be r(-3). Let x = y + -16. What is the units digit of x?
2
Let d(s) = -s**3 + 2*s**2 - 1. Let x be d(-1). Suppose 1 + 5 = x*q. What is the units digit of q?
3
Suppose 2*c + c = -b + 73, 4*b - 222 = 2*c. Suppose -4*u + b = -2*u. What is the tens digit of u?
2
Let l(d) = -d**2 - d + 1. Let h(o) = o**2 - 1. Let t(j) = 6*h(j) + 5*l(j). What is the units digit of t(6)?
5
Let p(c) = c**2 + 1. Let d(j) = -5*j**2 - 12*j + 5. Let m(u) = d(u) + 4*p(u). What is the tens digit of m(-11)?
2
Let v(p) = -p**3 + 2*p. Suppose -j - 8 = 3*j. Let y be v(j). Suppose -r + 2*r = y. What is the units digit of r?
4
Let o(b) = b**3 - b**2 + 6*b - 2. What is the tens digit of o(4)?
7
Suppose 3*o + 150 = 3*h, 4*o = -5*h - 0*o + 205. Suppose -9 = -3*n + h. What is the units digit of n?
8
Let b(c) = 18*c**2 + 6*c. Let r be b(-4). What is the units digit of (-9)/21 - r/(-28)?
9
Let u(t) = -t**2 + 10. Let m(d) = d**2 - d - 11. Let x(n) = 4*m(n) + 5*u(n). Let v be x(-5). Let g = 16 + v. What is the units digit of g?
7
Let d = -7 + 13. Suppose 3*w - 4*t = 21, 2*w - t = d + 3. What is the units digit of w?
3
Let i = 0 - 0. Suppose 4*q - 126 + 14 = i. Let r = 41 - q. What is the units digit of r?
3
What is the units digit of 25*3 - (-16)/8?
7
Let f be (3 - 1)*11/2. Suppose -k + 2 + f = 0. What is the tens digit of k?
1
Suppose 3*p - 30 = 5*g, 12 = 2*g - 4*g - 5*p. Suppose -4 = -2*a - 12. What is the units digit of 4/12 + a/g?
1
Let b = 4 - 0. Let u(r) = -r**2 + 6*r - 6. Let p be u(5). What is the units digit of p/((-6)/b)*18?
2
What is the units digit of 51/1 - (4 + -4)?
1
Suppose -4 = 3*n - 4*n. Let j = n - 4. What is the units digit of (-1 - j)*1*-5?
5
What is the tens digit of (-561)/(-15) - (-6)/10?
3
Let u(a) = a**3 - 8*a**2 + 6*a + 4. Suppose 4*m - 43 = -5*j, 17 = 5*m - 3*m + j. Let z be u(m). What is the tens digit of (1 - (-57)/(-9))*z?
1
Suppose 0*p - 136 = 2*p + 2*n, 0 = -3*p + 5*n - 164. Let c = 95 + p. What is the units digit of c?
2
Let d = 76 + -42. Suppose x - 40 = -x - 4*s, 0 = -2*x - 2*s + d. What is the tens digit of x?
1
Suppose 0 = -3*q + 485 + 124. What is the units digit of q?
3
What is the units digit of (-56)/(-6)*(-9)/(-6)?
4
Let q(z) be the third derivative of z**5/30 - z**4/12 - z**3/6 - 2*z**2. Let i be q(-1). Suppose p - 3 = i. What is the units digit of p?
6
Let d(m) = 20*m - 3. Let p be d(3). Suppose -2*q - 4*i + p = q, -q = -3*i - 6. What is the tens digit of q?
1
What is the tens digit of ((-104)/96 - 2/3)*-156?
7
Let q(d) = 7*d**2 - d - 1. What is the units digit of q(-2)?
9
Let s be (-2 - (-1)/1)/(-1). Suppose 0 + s = l. What is the units digit of l?
1
Let w(j) = -2*j - 1. Let y be w(-1). Let k(r) = 2*r - 9. Let i be k(6). What is the units digit of (1/(i/24))/y?
8
Let h(d) = -d**3 - d**2 - 32*d - 3. What is the tens digit of h(-5)?
5
Let k(m) = m**2 - 3*m - 7. What is the tens digit of k(6)?
1
Let z(p) = -p**3 + 3*p**2 - 2*p - 14. Let i(w) = w**2 - w. Let f(h) = 2*i(h) - z(h). What is the units digit of f(0)?
4
Let u be (-22)/(-4) + 4/8. Suppose -10*q + u*q = -40. What is the tens digit of q?
1
Let d(q) = 4*q - 1. Let x(l) = 3*l. Let n(v) = -5*d(v) + 6*x(v). What is the units digit of n(-9)?
3
Let h = 314 + -172. What is the tens digit of h?
4
Suppose 5*n - 3*k + 1 = -2, 0 = n + 4*k - 4. Let w = n + 44. What is the tens digit of 8/w + (-348)/(-22)?
1
Suppose 44 = 2*c + 5*x, -6 = -0*x + 3*x. Let s be c/2*(-1 + 3). Let y = s - 16. What is the units digit of y?
1
Let f(b) = 2*b**2 - 6*b - 4. Suppose -2*t + 5 = a, -t - 4*t + 15 = 3*a. What is the units digit of f(a)?
6
Let t(z) = 5*z + 38. What is the units digit of t(12)?
8
Let s = 49 + -34. Suppose 5*r + v - s = 0, r - 2*v - 12 = -3*r. What is the units digit of (-70)/(-15) - 2/r?
4
Let v be (3/(-2))/(1/(-8)). Let j = v - 2. What is the tens digit of j?
1
Let n(o) = o**2 - 6*o + 2. Let i be n(5). What is the units digit of (2 + 1)/i + 20?
9
Suppose 5*b + 154 = 2*v + 3*b, v + 4*b - 82 = 0. What is the units digit of v?
8
Suppose 2*n = 3*k + 2 - 0, 0 = 2*k - 5*n + 5. Let t(b) = -b**2 - 2*b + 41. What is the units digit of t(k)?
1
Suppose 2*g = -0*g + j - 7, -5*j = -5*g - 25. Let u be (g - -1)/(1/(-10)). Let f = 0 + u. What is the tens digit of f?
1
Let h be 8 + (-2 - (-3 + 2)). Let g = 0 + h. What is the units digit of g?
7
Let r = -67 + 40. Let x = 57 + r. What is the units digit of x?
0
Suppose -3*a + 412 = -716. What is the units digit of a?
6
Let o = 40 - 6. What is the units digit of o?
4
What is the tens digit of -2*113/(-7) - (-4)/(-14)?
3
Let m = -104 - -297. What is the units digit of m?
3
Suppose -4*z = -7 - 785. What is the units digit of z?
8
Let z = -42 + 103. What is the tens digit of z?
6
Let j(w) be the second derivative of -29*w**3/3 - w**2/2 + 7*w. What is the units digit of j(-1)?
7
Suppose 3*y = 4*y + 23. Suppose 72 = 14*v - 12*v. Let j = y + v. What is the units digit of j?
3
Let d be (3 + 22/(-6))*-3. Suppose 0 = 4*g - d - 6. What is the units digit of 2 + 8 + (-2)/g?
9
Suppose -30 = -4*x + x - 3*h, -x + 4*h - 15 = 0. Suppose x*t - 2*t - 6 = 0. What is the units digit of t?
2
Suppose -6 = -0*c - 2*c. Suppose f = -c*f. Let a(l) = l + 3. What is the units digit of a(f)?
3
Let r be 10*1/(-4)*2. Let u = 21 + r. What is the units digit of u?
6
Suppose 7*n - 80 = 2*n. What is the units digit of n?
6
Suppose 0 = 5*p + 2*a - 27, 3*a = 3 - 0. Suppose -5*h = -4*i - 12 + 48, -p*h = 0. What is the units digit of i?
9
Let q = 59 - 41. What is the units digit of q?
8
Let o(r) = 1. Let a(s) = 2*s - 12. Let b(g) = a(g) + 3*o(g). What is the units digit of b(5)?
1
Suppose -15 = -4*u + u. Suppose u*d = 3*d + 8. What is the units digit of d?
4
Suppose -46 + 6 = -4*g. Suppose 4*c = -3*l + 3*c + g, -10 = -2*l + c. Suppose -l*d = 4*z - 0*z - 16, 5*z - d = 14. What is the units digit of z?
3
Suppose 165 = 5*o - 45. Suppose -o = -4*m - 2. What is the units digit of (-2)/(-4) + m/4?
3
Let z(l) = -2*l + 11. What is the tens digit of z(-6)?
2
Suppose 25 = k - 14. What is the tens digit of k?
3
Let k(s) = -2*s - 1. What is the units digit of k(-1)?
1
Let h(o) = -3*o + 18. What is the units digit of h(-8)?
2
Let t(w) = -4*w**3 + 7*w + 5*w**2 + 8*w**3 - 5*w**3. Let f be t(6). Let u = f - 2. What is the units digit of u?
4
Suppose -3*f + 123 = -0*f. Suppose -4*v + f = x, 0 = 3*v + 3*x + x - 34. What is the units digit of v?
0
Suppose -s + 2 + 4 = 0. Let m = -4 + s. What is the units digit of (4/6)/(m/27)?
9
Let y be 37/(-2) + 3/6. Let z = y - -25. Suppose 7 = 2*l - z. What is the units digit of l?
7
Let y = -42 + 60. What is the tens digit of y?
1
Let l be (2*33)/3*5. Suppose 0*p = 5*p - l. What is the tens digit of p?
2
Let w(q) = q + 13. Let t(d) = 2*d + 6. Let v be t(-3). What is the tens digit of w(v)?
1
Let n = -11 + 19. Let d = -5 + n. Suppose f - 12 = -d*f. What is the units digit of f?
3
Let x(b) = b**2 + 5*b - 2. Let q be x(-5). Let w(g) = 2*g + 23. Let c be w(-12). What is the tens digit of (3 - c*16) + q?
1
What is the tens digit of 6/39 + (7092/39 - 0)?
8
Let u(p) = -p - 4. Let n be u(-3). Let c be 910/45 + -3*(-6)/(-81). Let d = c + n. What is the units digit of d?
9
Let r = 5 + -2. Suppose 4*b - 40 = -2*s, r*s - 20 = 2*s + 4*b. What is the tens digit of s?
2
Let j = -20 - -86. What is the tens digit of j?
6
Let x(i) be the third derivative of 1/24*i**4 + 0 - 2*i**2 + i**3 + 0*i. What is the units digit of x(0)?
6
Let m = -5 + 7. Let q be 2/((-4)/m) + 5. What is the units digit of q*5*(-6)/(-15)?
8
Let u = 3 - 0. Suppose -u*c - 4*z = -c - 10, 6 = 4*c + z. What is the units digit of c?
1
Let y(r) = -4*r + r + 2*r + 2*r**2 - r**3. Let b be y(1). Suppose b = 5*z - 33 + 3. What is the units digit of z?
6
Let n(z) = 2*z + 8. Suppose -4*p + 5*j + 42 = 0, 2*j + j - 6 = 0. What is the units digit of n(p)?
4
Let u = -6 - -2. Let y be (u/10)/(1/(-5)). Suppose 15 = y*n + 1. What is the units digit o